{"version":"1.0","provider_name":"A Nap Kertje","provider_url":"https:\/\/napkertje.cafeblog.hu","author_name":"Botty\u00e1n Katalin","author_url":"https:\/\/napkertje.cafeblog.hu\/author\/katalin-gemmagmail-com\/","title":"Amator Artium","html":"<a href=\"http:\/\/3.bp.blogspot.com\/_jq0eE20SE84\/SCN6dScoJkI\/AAAAAAAAIx8\/94iDS3uusqQ\/s1600-h\/111egy+r%C3%A9teg-1.jpg\"><img src=\"http:\/\/3.bp.blogspot.com\/_jq0eE20SE84\/SCN6dScoJkI\/AAAAAAAAIx8\/94iDS3uusqQ\/s320\/111egy+r%C3%A9teg-1.jpg\" border=\"0\" alt=\"\" id=\"BLOGGER_PHOTO_ID_5198133038502389314\" \/><\/a><br \/><div align=\"center\"><br \/><\/div>Nem dicsekv\u00e9s, csak \u00f6r\u00f6m, hogy az Amator Artium v\u00e1logat\u00e1s\u00e1n a megyei ki\u00e1ll\u00edt\u00e1son val\u00f3 r\u00e9szv\u00e9tel mellett az orsz\u00e1gos ki\u00e1ll\u00edt\u00e1sra is aj\u00e1nlotta a zs\u0171ri \"D\u00e9dsz\u00fcleim\" c\u00edm\u0171 k\u00e9pemet. Megnyit\u00f3, melyre h\u00edvok is mindenkit, aki olvassa \u00e9s el tud j\u00f6nni: holnap,\u00a0azaz\u00a0p\u00e9nteken 16.30-kor Salg\u00f3tarj\u00e1nban, a Balassi B\u00e1lint K\u00f6nyvt\u00e1r Gal\u00e9ri\u00e1j\u00e1ban,\u00a0Kassai\u00a0sor\u00a02.)\u00a0A\u00a0ki\u00e1ll\u00edt\u00e1s\u00a0megtekinthet\u0151\u00a0j\u00fanius\u00a05-ig.\u00a0<div>www.bottyankatalina.blogspot.com<\/div>","type":"rich"}

Bottyán Katalin

<a href="http://3.bp.blogspot.com/_jq0eE20SE84/SCN6dScoJkI/AAAAAAAAIx8/94iDS3uusqQ/s1600-h/111egy+r%C3%A9teg-1.jpg"><img src="http://3.bp.blogspot.com/_jq0eE20SE84/SCN6dScoJkI/AAAAAAAAIx8/94iDS3uusqQ/s320/111egy+r%C3%A9teg-1.jpg" border="0" alt="" id="BLOGGER_PHOTO_ID_5198133038502389314" /></a><br /><div align="center"><br /></div>Nem dicsekvés, csak öröm, hogy az Amator Artium válogatásán a megyei kiállításon való részvétel mellett az országos kiállításra is ajánlotta a zsűri "Dédszüleim" című képemet. Megnyitó, melyre hívok is mindenkit, aki olvassa és el tud jönni: holnap, azaz pénteken 16.30-kor Salgótarjánban, a Balassi Bálint Könyvtár Galériájában, Kassai sor 2.) A kiállítás megtekinthető június 5-ig. <div>www.bottyankatalina.blogspot.com</div>
